{"id":64,"date":"2017-11-21T07:38:04","date_gmt":"2017-11-21T07:38:04","guid":{"rendered":"http:\/\/meteorolog-si.fmf.uni-lj.si\/?page_id=64"},"modified":"2025-01-27T14:46:39","modified_gmt":"2025-01-27T15:46:39","slug":"profil","status":"publish","type":"page","link":"https:\/\/meteorolog.si\/index.php\/profil\/","title":{"rendered":"O poklicu"},"content":{"rendered":"<p style=\"text-align: center;\"><iframe loading=\"lazy\" title=\"Predstavitev \u0161tudija meteorologije na UL FMF\" src=\"https:\/\/www.youtube.com\/embed\/QwUcm7ND3C8\" width=\"600\" height=\"338\" frameborder=\"0\" allowfullscreen=\"allowfullscreen\"><\/iframe><br \/>Kratek informativni video o poklicu in \u0161tudiju meteorologije<\/p>\n\n\n<p><strong>Kratek opis<\/strong><\/p>\n\n\n\n<p>Meteorologija je geofizikalna veda, ki obravnava procese in pojave v ozra\u010dju. Primeri tak\u0161nih procesov in pojavov so: vetrovi, cikloni in anticikloni, vremenske fronte, nevihte, oblaki, megla, padavine,&nbsp; to\u010da, turbulenca, dogajanje v prizemni plasti ozra\u010dja, medsebojni vplivi ozra\u010dja in tal, planetarna atmosferska cirkulacija, energetika Zemljinega ozra\u010dja in sevalna bilanca, ekstremni vremenski dogodki, neurja in vro\u010dinski valovi ter podnebne spremembe.<\/p>\n\n\n\n<p>Meteorolog je strokovnjak s specializiranim znanjem o vremenu, ki opazuje, razlaga in napoveduje&nbsp;vremenske pojave v Zemljinem ozra\u010dju ter njihov vpliv na Zemljo in \u017eivljenje na njej.&nbsp;Pri tem uporablja znanstvene pristope, ki temeljijo na fizikalno-matemati\u010dno obravnavi. V Sloveniji lahko meteorolog potrebna znanja pridobi med \u0161tudijem na Fakulteti za matematiko in fiziko Univerze v Ljubljani.<\/p>\n\n\n\n<p><strong>Kaj meteorolog obi\u010dajno dela<\/strong><\/p>\n\n\n\n<p>Delo meteorologa se razlikuje glede na vejo meteorologije, v kateri dela.<\/p>\n\n\n\n<p><em><strong>Meteorolog-prognostik<\/strong><\/em> vreme napoveduje. Pri tem uporablja rezultate ra\u010dunalni\u0161kih simulacij dogajanja v ozra\u010dju, ki jih skrbno pregleda in ovrednoti ter primerja rezultate razli\u010dnih simulacij med seboj. \u010ce so razhajanja med njimi velika, potem je to znamenje, da je atmosfera dokaj nenapovedljiva in bo zato napoved manj zanesljiva. Pri tem izdeluje razne vrste vremenskih napovedi v tekstovni in grafi\u010dni obliki.<\/p>\n\n\n\n<p>Specifi\u010dna dela opravlja <em><strong>meteorolog na letali\u0161\u010du<\/strong><\/em>. Ta izdaja vremenske napovedi za devet do 18 ur vnaprej za obmo\u010dja letali\u0161\u010d in koridorjev, po katerih poteka zra\u010dni promet. Spet druga\u010dno je delo v <em><strong>agrometeorologiji<\/strong><\/em>, pri kateri se meteorologi bolj posve\u010dajo mikroklimatskim zna\u010dilnostim v razli\u010dnih rastlinskih zdru\u017ebah. Glede na vremenske razmere npr. spremljajo in napovedujejo pojavljanje in razvoj rastlinskih bolezni in \u0161kodljivcev.<\/p>\n\n\n\n<p><em><strong>Klimatologi<\/strong><\/em> pri delu uporabljajo vse razpolo\u017eljive meteorolo\u0161ke podatke. \u0160e posebej so dragoceni tisti o vremenskih razmerah v bli\u017enji in daljni preteklosti. Omogo\u010dajo namre\u010d spoznavanje spremenljivosti podnebja in povezav med posameznimi meteorolo\u0161kimi pojavi. Pri svojem delu si pomagajo s statistiko in ra\u010dunskimi modeli ter z grafi\u010dnim prikazom v obliki kart. Osnovna naloga klimatologov je ugotavljanje povpre\u010dnih podnebnih razmer in spremenljivosti podnebja in napoved izjemnih dogodkov. Izdelujejo posebne analize, ki so podlaga za izkori\u0161\u010danje obnovljivih virov energije, kot sta son\u010dna in vetrna energija. Pomemben del njihovega dela so posebne analize, ki so osnova za var\u010dno in varno na\u010drtovana mesta in stavb, prometne infrastrukture, rekreacijske objekte, dolo\u010dajo pa tudi meteorolo\u0161ko najugodnej\u0161e mikrolokacije za take objekte oziroma njihov vpliv na mikroklimo. Pomembna naloga je ocena verjetnosti ekstremnih pojavov in preu\u010devanje vpliva vremena in klime na po\u010dutje in zdravje ljudi. Sem sodijo tudi vsi elaborati, ki jih klimatologi izdelujejo za potrebe klimatskih zdravili\u0161\u010d in turisti\u010dnih krajev.<\/p>\n\n\n\n<p>Meteorolog, ki dela na podro\u010dju <em><strong>onesna\u017eenja in \u0161irjenja \u0161kodljivih snovi<\/strong><\/em>, ob pomo\u010di ra\u010dunalni\u0161kih simulacij predvidi \u0161irjenje \u0161kodljivih primesi v ozra\u010dju. Z izsledki sodeluje pri na\u010drtovanju naselij, pri izbiri lokacije za industrijske objekte in smeti\u0161\u010da. Izra\u010dunava ustrezne vi\u0161ine dimnikov tovarn, da onesna\u017een zrak ne bi preve\u010d vplival na okoli\u0161ke kraje. Izdeluje \u0161tudije za \u0161irjenje \u0161kodljivih snovi ob morebitnih ekolo\u0161kih nesre\u010dah. Preu\u010duje emisije nevarnih izpu\u0161nih plinov v prometu in sodeluje pri gradnji predorov in njihovih prezra\u010devalnih naprav. Z rednimi meritvami koncentracij \u0161kodljivih snovi v ozra\u010dju sodeluje pri ocenah ekolo\u0161ke obremenitve okolja in pri morebitni sanaciji. Pri svojem delu ve\u010dkrat sodeluje s kemiki.<\/p>\n\n\n\n<p>Meteorolog skrbi tudi za <em><strong>meteorolo\u0161ka opazovanja,<\/strong><\/em> ki jih pri delu uporabljajo ostali meteorologi. Nadzira kakovost opazovanj in dolo\u010da, kje je potrebno meteorolo\u0161ko postajo prestaviti ali glede na geografsko pokritost postaviti novo. Skratka, postavlja temelje za pridobivanje podatkov, meritev pa, razen ob\u010dasno in po potrebi, ne opravlja, skrbi pa za ustrezno arhiviranje podatkov in izvajanje prostorske in \u010dasovne kontrole podatkov.<\/p>\n\n\n\n<p><strong>Zaposlitvene mo\u017enosti<\/strong><\/p>\n\n\n\n<p>Zaposlitvene mo\u017enosti meteorologov so dobre, saj je meteorologov glede na potrebe v Sloveniji premalo. Najve\u010dje \u0161tevilo meteorologov se po zaklju\u010dku \u0161tudija zaposli na Agenciji RS za okolje, ki operativno izvaja mnogo razli\u010dnih nalog pri katerih so meteorologi nepogre\u0161ljivi. Meteorologi delajo tudi na Biotehni\u0161ki fakulteti ter na Katedri za meteorologijo Fakultete za matematiko in fiziko. Tam opravljajo poleg pedago\u0161kega tudi raziskovalno delo. Zaradi mednarodne narave meteorologije je veliko mo\u017enosti za \u0161tudij in sodelovanje s tujimi ustanovami. V zadnjem \u010dasu je vse ve\u010d potreb po meteorologih tudi v privatnem sektorju, predvsem v energetskem sektorju, kjer meteorologe potrebujejo pri analizah pridelave energije iz obnovljivih virov in napovedih porabe energije. Nekaj meteorologov odide tudi v tujino, kjer praviloma zelo uspe\u0161no nadaljujejo poklicno pot na tujih raziskovalnih in\u0161titutih in univerzah.<\/p>\n\n\n\n<p>Poklicne poti in predstavitev dela nekaterih meteorologov lahko vidite na podstrani <a href=\"https:\/\/meteorolog.si\/index.php\/intervjuji\/\">Intevjuji<\/a>, nekaj kratkih povzetkov pa je navedenih tudi spodaj.<\/p>\n\n\n<div data-post-id=\"104\" class=\"insert-page insert-page-104 \"><strong>Poklicne poti nekaterih diplomantov meteorologije\r\n<\/strong>\r\n\r\n&nbsp;\r\n\r\n<div id=\"attachment_92\" style=\"width: 285px\" class=\"wp-caption alignnone\"><img loading=\"lazy\" decoding=\"async\" aria-describedby=\"caption-attachment-92\" class=\"wp-image-92\" src=\"https:\/\/meteorolog.si\/wp-content\/uploads\/2017\/11\/Letak_Meteo_FMF_2017_Page_1_Image_0005.jpg\" alt=\"\" width=\"275\" height=\"151\" \/><p id=\"caption-attachment-92\" class=\"wp-caption-text\"><strong>Veronika Hladnik<\/strong>, mag. geofizike Agencija za okolje Republike Slovenije<\/p><\/div>\r\n\r\nZaposlena sem na Agenciji Republike Slovenije za okolje, kjer se ukvarjam z napovedovanjem vremena. Vreme napovedujem tudi na RTV Slovenija. \u0160tudij meteorologije na FMF je raznolik in ti da veliko \u0161irino. \u0160tudij se na 1. stopnji lahko zdi zelo teoreti\u010den, a kasneje, na 2. stopnji, vsa ta nau\u010dena teorija pride zelo prav. Zaradi majhne skupine \u0161tudentov je odnos med \u0161tudenti in profesorji bolj oseben.\r\n\r\n<hr \/>\r\n\r\n&nbsp;\r\n\r\n<div id=\"attachment_94\" style=\"width: 193px\" class=\"wp-caption alignnone\"><img loading=\"lazy\" decoding=\"async\" aria-describedby=\"caption-attachment-94\" class=\"wp-image-94\" src=\"https:\/\/meteorolog.si\/wp-content\/uploads\/2017\/11\/Letak_Meteo_FMF_2017_Page_2_Image_0002.jpg\" alt=\"\" width=\"183\" height=\"232\" \/><p id=\"caption-attachment-94\" class=\"wp-caption-text\"><strong>Lina Boljka<\/strong>, \u0161tudentka 3. stopnje \u0161tudija na University of Reading, Velika Britanija<\/p><\/div>\r\n\r\n\u0160tudij meteorologije sem po kon\u010dani 1. stopnji na FMF nadaljevala na University of Reading, kjer imajo enega najve\u010djih meteorolo\u0161kih oddelkov v Evropi. S \u0161tudijem na FMF sem dobila zelo dobro podlago tako iz teoreti\u010dne meteorologije kot tudi iz numeri\u010dnega modeliranja, zato sem imela pri nadaljevanju \u0161tudija v Readingu veliko prednost pred ostalimi \u0161tudenti. Vsekakor je \u0161tudij meteorologije v Sloveniji na izjemno visokem nivoju in mislim, da se lahko primerja z vsemi ve\u010djimi univerzami po svetu.\r\n\r\n<hr \/>\r\n\r\n&nbsp;\r\n\r\n<div id=\"attachment_91\" style=\"width: 309px\" class=\"wp-caption alignnone\"><img loading=\"lazy\" decoding=\"async\" aria-describedby=\"caption-attachment-91\" class=\"wp-image-91\" src=\"https:\/\/meteorolog.si\/wp-content\/uploads\/2017\/11\/Letak_Meteo_FMF_2017_Page_1_Image_0003.jpg\" alt=\"\" width=\"299\" height=\"199\" \/><p id=\"caption-attachment-91\" class=\"wp-caption-text\">dr. <strong>Mark \u017dagar<\/strong>, dipl. uni. meteorol. Vestas, Danska<\/p><\/div>\r\n\r\nV procesih dizajna vetrnih turbin, planiranja postavitve vetrnih polj, optimizacije proizvodnje in vklju\u010ditve elektri\u010dne energije vetra v omre\u017eja je poznavanje fizike atmosfere, vremenskih procesov na vseh skalah ter mikroklimatskih razmer klju\u010dno. Moje delo se osredoto\u010da na izra\u010dun dodane vrednosti meteorolo\u0161ke analize procesov in na izdelavo projektov ter organizacijo njihove prakti\u010dne izvedbe. &#8220;Biznis&#8221; je lahko dolgoro\u010dno uspe\u0161en le, \u010de je osnovan na trdnih znanstvenih in in\u017eenirskih temeljih.\r\n\r\n<hr \/>\r\n\r\n&nbsp;\r\n\r\n<div id=\"attachment_93\" style=\"width: 231px\" class=\"wp-caption alignnone\"><img loading=\"lazy\" decoding=\"async\" aria-describedby=\"caption-attachment-93\" class=\"wp-image-93\" src=\"https:\/\/meteorolog.si\/wp-content\/uploads\/2017\/11\/Letak_Meteo_FMF_2017_Page_1_Image_0009.jpg\" alt=\"\" width=\"221\" height=\"276\" \/><p id=\"caption-attachment-93\" class=\"wp-caption-text\">dr. <strong>Sa\u0161a Gaber\u0161ek<\/strong>, dipl. uni. meteorol. U.S. Naval Research Laboratory, ZDA<\/p><\/div>\r\n\r\n\u0160tudij na FMF me je vsekakor dobro pripravil na strokovne izzive v karieri. Biti (fizikalno) radoveden in hkrati opremljen s potrebnim znanjem je dobra popotnica za uspe\u0161no delo na mednarodni ravni. Svojo poklicno pot sem za\u010del z gostovanjem v raziskovalnih ustanovah (Fulbrightova \u0161tipendija), nadaljeval s podiplomskim \u0161tudijem, potem podoktorskim izpopolnjevanjem (sklad Marie Curie) in kon\u010dno stalnim raziskovalnim mestom, kjer razvijamo numeri\u010dne modele za napovedovanje vremena.\r\n\r\n&nbsp;<\/div>\n","protected":false},"excerpt":{"rendered":"<p>Kratek informativni video o poklicu in \u0161tudiju meteorologije Kratek opis Meteorologija je geofizikalna veda, ki obravnava procese in pojave v ozra\u010dju. Primeri tak\u0161nih procesov in pojavov so: vetrovi, cikloni in anticikloni, vremenske fronte, nevihte, oblaki, megla, padavine,&nbsp; to\u010da, turbulenca, dogajanje&hellip;<\/p>\n","protected":false},"author":1,"featured_media":0,"parent":0,"menu_order":0,"comment_status":"closed","ping_status":"closed","template":"","meta":{"footnotes":""},"class_list":["post-64","page","type-page","status-publish","hentry","description-off"],"_links":{"self":[{"href":"https:\/\/meteorolog.si\/index.php\/wp-json\/wp\/v2\/pages\/64","targetHints":{"allow":["GET"]}}],"collection":[{"href":"https:\/\/meteorolog.si\/index.php\/wp-json\/wp\/v2\/pages"}],"about":[{"href":"https:\/\/meteorolog.si\/index.php\/wp-json\/wp\/v2\/types\/page"}],"author":[{"embeddable":true,"href":"https:\/\/meteorolog.si\/index.php\/wp-json\/wp\/v2\/users\/1"}],"replies":[{"embeddable":true,"href":"https:\/\/meteorolog.si\/index.php\/wp-json\/wp\/v2\/comments?post=64"}],"version-history":[{"count":35,"href":"https:\/\/meteorolog.si\/index.php\/wp-json\/wp\/v2\/pages\/64\/revisions"}],"predecessor-version":[{"id":903,"href":"https:\/\/meteorolog.si\/index.php\/wp-json\/wp\/v2\/pages\/64\/revisions\/903"}],"wp:attachment":[{"href":"https:\/\/meteorolog.si\/index.php\/wp-json\/wp\/v2\/media?parent=64"}],"curies":[{"name":"wp","href":"https:\/\/api.w.org\/{rel}","templated":true}]}}